ommon divisor of 345 and 920.
115
Calculate the highest common divisor of 30 and 786.
6
Calculate the greatest common factor of 62 and 806.
62
What is the greatest common factor of 1368 and 5244?
228
What is the greatest common factor of 15138 and 18?
18
What is the greatest common divisor of 158 and 6?
2
Calculate the greatest common divisor of 204 and 374.
34
Calculate the greatest common divisor of 87 and 87.
87
What is the highest common factor of 39 and 858?
39
What is the greatest common factor of 975 and 375?
75
Calculate the greatest common divisor of 175 and 26530.
35
What is the highest common divisor of 8 and 5428?
4
What is the highest common divisor of 2736 and 9234?
342
What is the highest common factor of 31 and 8897?
31
What is the highest common divisor of 638 and 66?
22
Calculate the highest common factor of 208 and 112.
16
What is the greatest common factor of 2 and 98?
2
What is the highest common divisor of 527 and 589?
31
What is the highest common factor of 749 and 91?
7
What is the highest common factor of 626 and 2?
2
What is the greatest common divisor of 496 and 62?
62
Calculate the highest common divisor of 51 and 17.
17
What is the highest common factor of 12 and 1782?
6
Calculate the greatest common divisor of 583 and 53.
53
Calculate the greatest common divisor of 330 and 8.
2
Calculate the greatest common factor of 152 and 7752.
152
Calculate the greatest common factor of 13 and 1664.
13
Calculate the highest common factor of 111 and 9.
3
What is the greatest common divisor of 209 and 11?
11
Calculate the greatest common factor of 144 and 72.
72
What is the greatest common divisor of 40 and 580?
20
Calculate the highest common factor of 16 and 58.
2
What is the greatest common divisor of 88 and 4708?
44
What is the greatest common factor of 1802 and 476?
34
Calculate the greatest common divisor of 513 and 27.
27
Calculate the greatest common factor of 42 and 18.
6
What is the highest common factor of 13394 and 74?
74
Calculate the greatest common divisor of 240 and 308.
4
What is the greatest common factor of 7373 and 101?
101
Calculate the highest common divisor of 1015 and 1305.
145
What is the highest common factor of 4312 and 264?
88
Calculate the greatest common factor of 20 and 308.
4
Calculate the highest common factor of 1278 and 72.
18
What is the highest common divisor of 7585 and 205?
205
What is the greatest common divisor of 3498 and 110?
22
Calculate the highest common divisor of 1653 and 261.
87
Calculate the highest common divisor of 540 and 10.
10
Calculate the greatest common divisor of 1027 and 26.
13
Calculate the greatest common divisor of 1064 and 56.
56
What is the greatest common divisor of 2117 and 29?
29
Calculate the greatest common divisor of 483 and 63.
21
Calculate the greatest common factor of 425 and 51.
17
Calculate the highest common factor of 39 and 13.
13
What is the greatest common divisor of 16 and 13456?
16
What is the greatest common divisor of 44 and 12?
4
Calculate the greatest common factor of 1460 and 876.
292
What is the highest common divisor of 22918 and 14?
14
What is the highest common factor of 2403 and 178?
89
What is the highest common divisor of 29719 and 113?
113
Calculate the highest common factor of 54 and 594.
54
Calculate the highest common factor of 13 and 650.
13
What is the greatest common factor of 12 and 147?
3
Calculate the highest common factor of 28 and 868.
28
What is the highest common factor of 121 and 242?
121
What is the highest common factor of 319 and 77?
11
What is the greatest common divisor of 315 and 420?
105
Calculate the greatest common factor of 16 and 2016.
16
What is the highest common divisor of 2365 and 55?
55
What is the greatest common divisor of 48 and 50928?
48
What is the greatest common divisor of 67 and 335?
67
What is the greatest common divisor of 16 and 368?
16
What is the greatest common factor of 1628 and 148?
148
What is the highest common divisor of 1050 and 4100?
50
What is the highest common factor of 1372 and 28?
28
What is the greatest common factor of 4296 and 6?
6
Calculate the highest common factor of 55 and 25.
5
What is the greatest common factor of 3234 and 99?
33
What is the greatest common factor of 2360 and 40?
40
What is the highest common factor of 32 and 104?
8
Calculate the greatest common divisor of 545 and 11009.
109
What is the greatest common factor of 675 and 300?
75
What is the highest common divisor of 6241 and 79?
79
Calculate the greatest common divisor of 195 and 247.
13
Calculate the highest common factor of 34 and 7599.
17
What is the highest common divisor of 19 and 7904?
19
What is the greatest common factor of 140 and 11060?
140
Calculate the highest common factor of 4131 and 2142.
153
What is the highest common divisor of 9608 and 24?
8
What is the highest common factor of 26 and 754?
26
What is the greatest common factor of 2176 and 85?
17
Calculate the highest common factor of 27 and 351.
27
What is the highest common factor of 7 and 259?
7
What is the greatest common factor of 636 and 52?
4
Calculate the highest common factor of 7400 and 16.
8
Calculate the greatest common divisor of 58 and 4553.
29
What is the greatest common divisor of 104 and 424?
8
What is the greatest common divisor of 9 and 450?
9
What is the greatest common divisor of 49 and 15043?
49
What is the greatest common factor of 3036 and 28?
4
What is the highest common divisor of 2096 and 256?
16
What is the greatest common factor of 1136 and 24?
8
What is the greatest common divisor of 11036 and 124?
124
Calculate the greatest common factor of 290 and 348.
58
What is the highest common factor of 1000 and 8?
8
What is the greatest common divisor of 43 and 2623?
43
Calculate the greatest common factor of 32913 and 138.
69
Calculate the greatest common factor of 45 and 6465.
15
Calculate the highest common factor of 45 and 6165.
45
What is the greatest common factor of 53 and 212?
53
Calculate the greatest common factor of 1100 and 300.
100
Calculate the greatest common factor of 216 and 60.
12
Calculate the greatest common divisor of 3264 and 24.
24
Calculate the greatest common divisor of 25 and 5.
5
Calculate the highest common divisor of 798 and 1386.
42
What is the highest common factor of 44 and 68?
4
Calculate the highest common divisor of 78 and 45357.
39
What is the highest common divisor of 2790 and 54?
18
Calculate the greatest common divisor of 1160 and 10.
10
What is the greatest common divisor of 32 and 256?
32
Calculate the highest common factor of 3160 and 140.
20
Calculate the greatest common factor of 1003 and 459.
17
Calculate the highest common factor of 78 and 702.
78
Calculate the highest common divisor of 85 and 323.
17
Calculate the greatest common factor of 47 and 5969.
47
Calculate the highest common divisor of 60 and 1120.
20
What is the greatest common factor of 22267 and 28?
7
Calculate the greatest common factor of 6696 and 12.
12
What is the greatest common divisor of 20114 and 356?
178
Calculate the greatest common divisor of 192 and 64.
64
Calculate the greatest common factor of 192 and 9.
3
What is the greatest common divisor of 510 and 1920?
30
Calculate the highest common divisor of 2852 and 138.
46
Calculate the highest common divisor of 1560 and 52.
52
Calculate the highest common factor of 77 and 77.
77
What is the greatest common factor of 182 and 52?
26
Calculate the highest common factor of 165 and 2090.
55
What is the highest common factor of 140 and 28?
28
What is the greatest common divisor of 30 and 105?
15
Calculate the greatest common divisor of 544 and 288.
32
What is the greatest common factor of 621 and 27?
27
Calculate the highest common factor of 282 and 4982.
94
What is the highest common divisor of 924 and 336?
84
Calculate the greatest common factor of 8 and 1002.
2
Calculate the greatest common factor of 2875 and 23.
23
What is the greatest common factor of 63 and 1197?
63
What is the greatest common factor of 144 and 234?
18
What is the highest common factor of 345 and 15?
15
Calculate the greatest common factor of 143 and 637.
13
Calculate the greatest common factor of 21 and 1477.
7
What is the highest common factor of 10 and 970?
10
What is the highe